+ 0 + 5*s**3 + s**2 - s - 1. Give k(-1).
-4
Suppose 2*j + 3*g = j + 3, -5*j - 5*g + 55 = 0. Let s be (-40)/j - (-2)/3. Let i(u) = u + 2. Give i(s).
0
Let o(n) be the third derivative of n**7/2520 + n**6/240 + n**5/120 - n**4/12 - 2*n**2. Let b(i) be the second derivative of o(i). Calculate b(-4).
5
Let h(p) = -2*p. Let y(t) be the first derivative of -1 + 0*t - 3/2*t**2. Let l(k) = 5*h(k) - 2*y(k). What is l(1)?
-4
Let w(c) be the third derivative of 0 + 1/24*c**4 + 1/2*c**3 + 0*c - 3*c**2. Calculate w(0).
3
Suppose 3*n - 25 = 8*n. Let g(k) = -6*k + 2. Let f(i) = 17*i - 5. Let b(a) = -3*f(a) - 8*g(a). What is b(n)?
14
Let w(u) = 3*u - 8 - 4*u**2 + 3*u**2 + 11. Give w(4).
-1
Let a(x) = 3 + x**3 - 3*x**2 + 47*x - 3*x**2 - 47*x. Calculate a(6).
3
Let d(a) = -14*a**3 - 2*a**2 + 17*a + 1. Let t(f) = 5*f**3 + f**2 - 6*f. Let r = -157 + 242. Suppose 3*h - r = 8*h. Let x(m) = h*t(m) - 6*d(m). Calculate x(-5).
-6
Let l(w) be the second derivative of -5/6*w**3 - 2*w + 3*w**2 + 0 + 1/20*w**5 - 1/4*w**4. Let s(p) = p - 2. Let q be s(6). Calculate l(q).
2
Let s = -3 + 0. Let c be (-7)/s - (-2)/(-6). Let b(o) be the first derivative of 2*o**2 - 3*o + 2. Give b(c).
5
Let u(s) = -2*s**2 - 6*s. Suppose 2*i + 3 = y, 3*i - 4*y - 36 = 7*i. Determine u(i).
-8
Suppose p = -5*s - 27, 0*s - 3*s + p = 21. Suppose -12 = 5*n + 3. Let d = n - s. Let x(h) = h + 2. What is x(d)?
5
Let g(j) = -j**2 - 7*j - 5. Let q be g(-5). Let u(o) = 2*o + 2*o + q*o**2 + 8 + 7*o**3 - 6*o**3 - 4. What is u(-4)?
4
Let r = 3 - 7. Let b(v) = -5*v + 10. Let w(h) = -h**2 - 5*h - 6. Let k be w(-5). Let j(q) = -4*q + 9. Let g(d) = k*j(d) + 5*b(d). Determine g(r).
0
Suppose 0*s + 4*s + 28 = 0. Let r(c) = c**3 + 6*c**2 - 9*c + 1. Determine r(s).
15
Let x(g) = 3*g**3 + 12*g**2 - 9*g + 1. Let r(d) = -4*d**3 - 13*d**2 + 9*d. Let f(a) = -4*r(a) - 5*x(a). Calculate f(7).
9
Let p be 2*(-6)/(0 - -2). Let n = p + 9. Let u(o) = -3*o**2 + n + 4*o**2 - 6 + 1 - 5*o. Calculate u(5).
-2
Let k(f) = -f**3 + 5*f**2 - 2*f + 3. Let o = 30 + -26. Give k(o).
11
Suppose -24 = 7*u - 17. Let y(s) = -20*s. What is y(u)?
20
Let k(h) be the third derivative of 0*h - 1/60*h**5 + 0*h**3 + h**2 + 0 - 1/24*h**4. Calculate k(-3).
-6
Let k(m) be the third derivative of -1/24*m**4 + 0 - 3/2*m**3 + 0*m - 2*m**2. Determine k(0).
-9
Let l = 13 + -14. Let n(i) = -8*i**2 + 1. Give n(l).
-7
Let g(w) = -21*w - 4. Let q(f) = -4*f - 1. Let s(j) = -2*g(j) + 11*q(j). Calculate s(-6).
9
Let c(b) = -b - 2. Let j = 11 - 6. Suppose 4*l - j*h - 21 = -55, -6 = 2*l + 3*h. Let p = l + 3. Give c(p).
1
Suppose -d = 2*i - 5, 0*d = -5*i + 4*d - 7. Suppose 1 = -2*r - i. Let q be (4/8)/(r/10). Let c(w) = -w**3 - 6*w**2 - 6*w - 3. Determine c(q).
2
Let p(f) = f + 1. Let y(c) = -3*c - 8. Let o be ((-5)/2)/((-1)/(-2)). Let b(a) = o*p(a) - y(a). Give b(4).
-5
Let y(i) = -5*i + 1. Let x(b) = -5*b + 1. Let p = -9 - -13. Suppose 2*c = -0*s - 5*s + 25, 0 = -4*s - p*c + 20. Let h(l) = s*y(l) - 6*x(l). Give h(1).
4
Let g(w) = -3*w + 3. Suppose -2*l + 35 - 23 = 0. Determine g(l).
-15
Let l = 9 - 6. Suppose -l*p + 11 = -m - 0, 0 = 5*p + 3*m + 5. Let h(c) = 4*c - 1. Determine h(p).
7
Let k(y) = y - 6. Suppose -3*r - 2*r = 0. Suppose 2*o - 4*o + 3*u + 4 = 0, r = u - 2. Give k(o).
-1
Let f(g) = -g**2 - 5*g + 5. Let q(t) = -t**3 - 6*t**2 - 4*t. Let c be q(-5). Determine f(c).
5
Suppose 1 + 5 = -6*u. Let n(t) = 4*t**3 - 1. Calculate n(u).
-5
Suppose 2 - 18 = -8*n. Let s(y) be the first derivative of -1 - 2*y**n - 4*y + 1/3*y**3. Give s(3).
-7
Let a(c) = -1. Suppose -3*z = 4*o + z + 16, 4*z + 12 = 0. Let x(b) = -b. Let y(p) = o*a(p) - x(p). Determine y(0).
1
Suppose 4*s - 13 + 1 = 0. Suppose 0 = 2*l - 2, -s*l = 3*o + 4 + 5. Let i(k) = 3*k + 6. What is i(o)?
-6
Let i be (2/(-3))/((-2)/3). Let v(x) = -x**2 - 4*x**2 + 5*x**3 + i + 5*x - 4*x**3. Give v(4).
5
Let p(y) be the second derivative of -y**4/12 + 2*y**3 - 2*y**2 + 32*y. Calculate p(11).
7
Let b(d) = 2*d**2 - 3 - 2 + 4. Suppose 76 = 2*i + 2*i. Let w = i + -21. What is b(w)?
7
Suppose -3*r = -2*f - 11, 0 = 4*r - r + 2*f - 19. Let i(v) = 4*v - r*v - 1 + 1 - 3. What is i(3)?
-6
Suppose 3*a - 2 = -d, a + 3*d + 22 = 6*a. Let r(b) = 5 + 1 - b + a. Calculate r(0).
8
Let u(x) = x**3 - 6*x**2 + 7*x - 6. Suppose -p + 3*t + 11 = 0, -5*t - 22 + 1 = -3*p. Suppose 0 = 3*i + i, 2*o - 10 = p*i. Calculate u(o).
4
Suppose 3*y + v - 5*v = -11, -5*y - 5 = -4*v. Suppose 7*d - y*d = 0. Let i(g) = 1 + 5 + d*g + g. Calculate i(-4).
2
Let n(c) = -14 + 9 + 0*c + 4 + c. Calculate n(5).
4
Let l(f) = -5*f**2 - 9*f + 2. Let w(i) = i**2 + i - 1. Let u(k) = -l(k) - 6*w(k). Let n(z) = -z**2 + 10*z + 5. Let d = -13 - -23. Let b be n(d). Calculate u(b).
-6
Let g(f) = f**3 - f**2 - f + 3. Let r(m) = m**2 - 5*m. Let a(b) = b**2 - 5*b + 1. Let h(v) = 5*a(v) - 4*r(v). Let d be h(4). Let k = 1 - d. What is g(k)?
3
Suppose 3*r = 5*o + 22, r + o - 5*o = 12. Let m(s) = 5*s + 3 - s - 4*s**2 - 1. Let y(z) = -z**2 + 1. Let b(l) = m(l) - 3*y(l). Determine b(r).
-1
Let h(u) = 6*u + 1. Let l(g) = g**2 - 7*g - 10. Let d be l(8). Give h(d).
-11
Let q(a) = -9*a**3 + 7*a**2 + 13. Let b(t) = 4*t**3 - 3*t**2 - 6. Suppose 0 = 3*c - 0*c - 18. Let i(j) = c*q(j) + 13*b(j). Suppose -5*u = -2*u - 6. Give i(u).
-4
Suppose 0 = -6*m + 3*m. Let d(n) be the third derivative of n**5/60 - n**3 + 41*n**2. What is d(m)?
-6
Let g(v) = -5 - 2*v + 0*v + v**3 + 7. Calculate g(2).
6
Let a = 9 + -5. Suppose -3*f - o - 1 = 3, 0 = -a*f - 2*o - 8. Let t(k) = -2 + 0*k + 0*k - k**2 - k**3. Determine t(f).
-2
Suppose 4*q - 3*b = 6 + 9, 10 = 5*q - 2*b. Let s(p) = 3*p**2 + 3*p + 16. Let y(j) = -2*j**2 - 2*j - 11. Let l(d) = -5*s(d) - 7*y(d). Calculate l(q).
-3
Let c(n) = -n**2 - 7*n + 7. Suppose -2*y + 2*l = 14, 4*y - 4*l + 2*l + 30 = 0. What is c(y)?
-1
Let p(w) be the third derivative of 0*w**4 - 1/120*w**6 + 0 + 1/60*w**5 + 3/2*w**3 - 4*w**2 + 0*w. Calculate p(0).
9
Let h(z) = -8*z**2 + 2*z - 3. Let y(c) = -1. Let q(r) = h(r) - 6*y(r). Let v(b) = -7*b**2 + 3*b + 4. Let n(u) = -3*q(u) + 2*v(u). Give n(-1).
9
Let q(m) be the first derivative of 1/3*m**3 + 0*m**4 + 0*m**2 - 1/180*m**6 + 0*m - 3 + 1/120*m**5. Let p(j) be the third derivative of q(j). Give p(2).
-6
Let i(w) = -w - 1. Let t(m) = -m**2 - 3*m - 1. Let z(j) = 4*i(j) + t(j). Give z(-4).
7
Let s(c) be the third derivative of c**6/120 - 7*c**5/60 - 2*c**3/3 + c**2. Give s(7).
-4
Let v(k) = 2*k - 3*k - 17 + 15. Let h = 5 + -9. Give v(h).
2
Let w(b) be the first derivative of b**3/3 - 5*b**2/2 + 4*b - 3. Let x = -7 - -11. Give w(x).
0
Let w(f) be the third derivative of f**5/60 - f**4/8 + 2*f**2. Let s(o) = -3*o - 4*o + 6*o. Let r(n) = -11*s(n) + 4*w(n). Determine r(-1).
5
Let d(a) be the third derivative of -a**6/24 + a**5/30 + a**4/12 + a**3/6 + 2*a**2. Let u be ((-4)/(-6))/((-6)/9). Calculate d(u).
6
Let u(d) = 4*d - 10*d + 4*d**3 - 9*d**3 - 8*d**2 - 7 + 4*d**3. What is u(-7)?
-14
Suppose 0 = 4*g - 5*g + u + 9, 2*g + 4*u = -6. Suppose -3*k - 5*w + 1 = 6, g*k = -w - 23. Let d(j) = j**3 + 5*j**2 + j - 4. Give d(k).
-9
Let l(g) = -g**3 + 6*g**2 - 4*g + 1. Let x = 12 - 10. Suppose -4*m + 2*r + 8 = -x*r, -3*m = 3*r - 24. What is l(m)?
6
Let s be -1*6/4*-2. Suppose x = -s*x. Suppose -20 = 5*g, 0 = -x*i + 4*i + 4*g + 36. Let d(k) = k**3 + 6*k**2 + 5*k + 4. Determine d(i).
4
Let p(k) = k**3 - 5*k**2 + 3. Let d be p(5). Suppose 2*x = -0*x. Let f(z) = 10 - 7*z + z**2 - 8 + x*z**2 + 2. What is f(d)?
-8
Let n(u) = 4*u + u**2 - 2*u**2 + 5*u**2 - u**3 + 1. Let i = 3 - -2. Determine n(i).
-4
Let f(i) = 2*i**2 + 4*i + 4. Let l(x) = x**2 - 8*x + 12. Let v be l(5). Give f(v).
10
Let t = 13 + -7. Let o(a) = -2*a + 1. Give o(t).
-11
Suppose -3*g = 11 + 1. Let m(s) = s**2 + 6*s + 1. Give m(g).
-7
Let x = 2 - -3. Let u(f) = 0 - f - 2*f + x. Calculate u(5).
-10
Let i(f) = 4*f**3 + 3*f**2 - 3*f - 11. Let q(k) = 5*k**3 + 2*k**2 - 4*k - 12. Let j(t) = 4*i(t) - 3*q(t). Give j(-6).
-8
Let u = -18 + 12. Let f(w) be the third derivative of w**4/24 + w**3/6 - 6*w**2. Calculate f(u).
-5
Let l(k) = -k - 6. Let h(c) = c + 7. Let p(w) = -3*h(w) - 4*l(w). Determine p(-5).
-2
Let i(p) = -p + 9. Suppose 0 = 2*h - l - 6, 0 = -4*h + 4*l + l + 12. Suppose -3*r + 39 = 2*x + 14, 0 = h*x - r - 10. Determine i(x).
4
Suppose 0 = 4*l + 4*c + 4, 0*l + 5*l = -3*c + 1. Let p(o) = -3*o - 